s the remainder when 2233145 is divided by 336?
89
Calculate the remainder when 604020 is divided by 2603.
124
Calculate the remainder when 343015 is divided by 751.
559
What is the remainder when 2931978 is divided by 62382?
24
What is the remainder when 193663 is divided by 38716?
83
What is the remainder when 7563082 is divided by 3781499?
84
Calculate the remainder when 671728 is divided by 122.
118
Calculate the remainder when 4004216 is divided by 8556.
8
Calculate the remainder when 64017342 is divided by 3585.
3582
What is the remainder when 16148547 is divided by 3931?
3930
What is the remainder when 3461110 is divided by 88746?
16
Calculate the remainder when 7902971 is divided by 75.
71
What is the remainder when 427599 is divided by 47509?
18
Calculate the remainder when 1706679 is divided by 853324.
31
Calculate the remainder when 10030 is divided by 634.
520
What is the remainder when 106698 is divided by 17760?
138
What is the remainder when 120233030 is divided by 59?
57
Calculate the remainder when 8729720 is divided by 4420.
220
Calculate the remainder when 750782 is divided by 83193.
2045
Calculate the remainder when 697604 is divided by 16.
4
Calculate the remainder when 839354 is divided by 1266.
1262
What is the remainder when 31883 is divided by 1019?
294
Calculate the remainder when 28541071 is divided by 98758.
9
Calculate the remainder when 5634285 is divided by 173.
21
Calculate the remainder when 33970348 is divided by 1352.
1348
What is the remainder when 3427992 is divided by 216?
72
What is the remainder when 505184 is divided by 18011?
876
What is the remainder when 47294 is divided by 2706?
1292
Calculate the remainder when 132538 is divided by 66224.
90
Calculate the remainder when 1781922 is divided by 63634.
170
Calculate the remainder when 618120 is divided by 21314.
14
What is the remainder when 516137 is divided by 64513?
33
Calculate the remainder when 2602978 is divided by 38265.
958
Calculate the remainder when 3278655 is divided by 50.
5
What is the remainder when 71987 is divided by 85?
77
What is the remainder when 803195 is divided by 502?
497
What is the remainder when 132137258 is divided by 199302?
32
What is the remainder when 99224 is divided by 16437?
602
What is the remainder when 93586 is divided by 93558?
28
Calculate the remainder when 69990920 is divided by 117.
116
Calculate the remainder when 5165403 is divided by 1294.
1049
Calculate the remainder when 18864954 is divided by 342999.
9
Calculate the remainder when 9512508 is divided by 202393.
37
Calculate the remainder when 3930147 is divided by 190.
187
What is the remainder when 74966 is divided by 36955?
1056
What is the remainder when 32652715 is divided by 80?
75
What is the remainder when 2131921 is divided by 90?
1
What is the remainder when 71937 is divided by 1754?
23
Calculate the remainder when 4692186 is divided by 9255.
9156
What is the remainder when 17924053 is divided by 999?
994
What is the remainder when 2213904 is divided by 147591?
39
Calculate the remainder when 686690 is divided by 82.
22
What is the remainder when 2374201 is divided by 15219?
37
What is the remainder when 80685850 is divided by 11526550?
0
Calculate the remainder when 8345375 is divided by 65.
25
Calculate the remainder when 504824 is divided by 181.
15
Calculate the remainder when 2250252 is divided by 3070.
3012
What is the remainder when 57374 is divided by 4146?
3476
Calculate the remainder when 332105 is divided by 447.
431
Calculate the remainder when 29156313 is divided by 1118.
1109
Calculate the remainder when 434261 is divided by 54032.
2005
What is the remainder when 296204 is divided by 7594?
38
What is the remainder when 25799 is divided by 2973?
2015
What is the remainder when 38497 is divided by 76?
41
Calculate the remainder when 2269135 is divided by 5878.
227
Calculate the remainder when 5557 is divided by 1213.
705
Calculate the remainder when 29659658 is divided by 29.
24
What is the remainder when 253408 is divided by 8172?
76
What is the remainder when 7781182 is divided by 711?
709
What is the remainder when 10188438 is divided by 261242?
0
Calculate the remainder when 146349107 is divided by 364.
359
Calculate the remainder when 12844 is divided by 628.
284
Calculate the remainder when 4114502 is divided by 16524.
26
Calculate the remainder when 1655366 is divided by 127333.
37
What is the remainder when 25033 is divided by 4970?
183
What is the remainder when 40957993 is divided by 5412?
5389
Calculate the remainder when 130793 is divided by 1052.
345
Calculate the remainder when 1973012 is divided by 624.
548
What is the remainder when 152678 is divided by 15267?
8
Calculate the remainder when 229841953 is divided by 119.
117
What is the remainder when 59865 is divided by 1989?
195
Calculate the remainder when 66402 is divided by 13258.
112
Calculate the remainder when 174355 is divided by 444.
307
What is the remainder when 2873624 is divided by 54?
14
Calculate the remainder when 106409 is divided by 587.
162
Calculate the remainder when 5420896 is divided by 100.
96
Calculate the remainder when 291269 is divided by 9360.
1109
Calculate the remainder when 21072 is divided by 20992.
80
Calculate the remainder when 2788848 is divided by 464807.
6
Calculate the remainder when 456201 is divided by 1155.
1131
What is the remainder when 9295025 is divided by 4647492?
41
Calculate the remainder when 117519324 is divided by 198.
186
What is the remainder when 2118437 is divided by 26?
9
Calculate the remainder when 176101 is divided by 2070.
151
What is the remainder when 213297 is divided by 10562?
2057
What is the remainder when 640995 is divided by 1337?
572
What is the remainder when 1273029 is divided by 424337?
18
What is the remainder when 12079429 is divided by 34811?
12
Calculate the remainder when 32725247 is divided by 192.
191
Calculate the remainder when 141286362 is divided by 2792.
2786
Calculate the remainder when 27063 is divided by 8265.
2268
Calculate the remainder when 2720601 is divided by 608.
409
Calculate the remainder when 120792711 is divided by 60396349.
13
Calculate the remainder when 11145839 is divided by 39.
29
What is the remainder when 5097927 is divided by 332?
67
What is the remainder when 3645006 is divided by 66?
24
Calculate the remainder when 135081 is divided by 3889.
2855
What is the remainder when 11820818 is divided by 3940258?
44
Calculate the remainder when 1935608 is divided by 4145.
4038
Calculate the remainder when 7702066 is divided by 334868.
102
Calculate the remainder when 1843544 is divided by 11668.
0
What is the remainder when 754646 is divided by 2245?
326
Calculate the remainder when 26115 is divided by 1799.
929
What is the remainder when 13517845 is divided by 326?
255
What is the remainder when 32421 is divided by 7615?
1961
Calculate the remainder when 916265 is divided by 305274.
443
What is the remainder when 627232613 is divided by 1205?
1193
What is the remainder when 146142 is divided by 9113?
334
What is the remainder when 15963078 is divided by 3990767?
10
What is the remainder when 270590 is divided by 135107?
376
What is the remainder when 247908 is divided by 247694?
214
What is the remainder when 307136155 is divided by 209?
205
What is the remainder when 2706329 is divided by 73144?
1
What is the remainder when 16810118 is divided by 41?
36
Calculate the remainder when 179154 is divided by 1736.
346
What is the remainder when 33852113 is divided by 54?
53
Calculate the remainder when 1971833 is divided by 328618.
125
What is the remainder when 2381109 is divided by 120?
69
Calculate the remainder when 963181 is divided by 1838.
69
Calculate the remainder when 4382930 is divided by 316.
10
What is the remainder when 15842648 is divided by 1980325?
48
What is the remainder when 10910688 is divided by 1796?
1784
What is the remainder when 39022713 is divided by 1696639?
16
Calculate the remainder when 27948747 is divided by 1542.
1539
Calculate the remainder when 1530543 is divided by 13072.
1119
What is the remainder when 15670021 is divided by 474848?
37
What is the remainder when 11911966 is divided by 2382390?
16
What is the remainder when 8003021 